(d). Suppose 34*a - 283 = 1694 + 1763. What is the highest common divisor of a and o?
10
Suppose -5*i + 2863 = -3*l, -2*i + 142*l = 145*l - 1162. Calculate the highest common divisor of i and 775.
25
Let y = -34 + 32. Let x be y/(1*3/(-183)) - 1. Suppose -5*i = -299 - x. What is the highest common factor of i and 21?
21
Suppose -4*o + 1489 + 403 = 5*m, 4*m = -o + 1518. What is the highest common divisor of 240 and m?
20
Let t = 706 - 701. Suppose 0 = 5*g + t*k - 45, -7 = 3*g - 3*k - 16. What is the greatest common factor of 48 and g?
6
Let k(l) = -81*l - 2564. Let n be k(-34). What is the highest common divisor of 2128 and n?
38
Let c(u) be the second derivative of -3*u**3/2 + 51*u**2 - 9*u + 7. Let f be c(-16). Calculate the highest common divisor of 6 and f.
6
Suppose -q + 2*j + 116 = 122, 8*q - 4*j - 60 = 0. Calculate the greatest common factor of 5 and q.
1
Let j = 325 - 188. Suppose 5*g - 2865 = 2*d - j, 4*g + 2*d - 2186 = 0. What is the greatest common divisor of g and 52?
26
Suppose 5*a = q + 18845, a + 5*q - 776 = 2967. Calculate the greatest common factor of a and 72.
24
Suppose -2*l + 5*l = 5*f - 84, 0 = 2*l + 6. Let r = -567 + 672. What is the greatest common divisor of f and r?
15
Suppose 53*m + 304727 = 533912 + 745485. What is the greatest common divisor of 60 and m?
30
Let z = 103 - 108. Let w(t) = -11*t - 48. Let y be w(z). Calculate the highest common divisor of 112 and y.
7
Let m(y) = -66*y**3 + 21*y**2 + 80*y + 40. Let w be m(-5). What is the highest common factor of 825 and w?
165
Suppose -5*f + s + 2394 = 0, -114 - 1782 = -4*f + 4*s. What is the greatest common factor of 8 and f?
8
Let o(j) = j**3 - 7*j**2 - 6*j - 23. Let h be o(8). Let x be (h + 9)/((-1)/((-39)/(-6))). Let r = x + 39. What is the highest common divisor of r and 65?
13
Let z(p) = -13*p - 6. Let n be z(6). Let s = n + 60. Let j = -20 - s. What is the highest common divisor of j and 4?
4
Let s(r) = 6*r**2 + 35*r + 152. Let o be s(-5). Calculate the highest common divisor of 2 and o.
1
Let w = -49 - -36. Let j(u) = u**3 + 11*u**2 - 25*u + 23. Let m be j(w). Let a = 27 - m. What is the highest common factor of 187 and a?
17
Let r(z) = -101*z - 398. Let i be r(-8). Calculate the greatest common factor of 70 and i.
10
Suppose 30*i = -0*i + 170 + 2080. Calculate the highest common factor of i and 465.
15
Let f = 281 - -39. Let z be (288/(-5))/((-12)/f). What is the highest common divisor of z and 24?
24
Let q(k) = 7*k**3 - 7*k**2 + 4*k - 4. Let m be q(2). Calculate the highest common factor of 12832 and m.
32
Let z = 9815 - 5134. Calculate the highest common divisor of 31 and z.
31
Suppose -128*u + 80*u + 1584 = 0. Calculate the greatest common factor of 14289 and u.
33
Suppose 4*t - 6218 = 18*r + 17048, -5*t + 4*r + 29138 = 0. What is the highest common factor of 330 and t?
110
Let i = -5 - -10. Let q(h) = h**3 - 4*h**2 + h - 1. Let n be q(4). Suppose 62*k = 65*k - n. What is the highest common divisor of i and k?
1
Let z be -7 + 136/16*2. Suppose -3*m = -6 - 0. Suppose -m*s - 12 = -5*s. What is the greatest common factor of z and s?
2
Let u = -6906 + 8691. What is the highest common divisor of 525 and u?
105
Suppose x = -2*x + 57. Let t be 4/(6 + (-12)/((-1824)/458) + -9). Calculate the highest common divisor of t and x.
19
Let u(f) = -3*f**3 - 102*f**2 - f + 61. Let x be u(-34). What is the highest common factor of 2470 and x?
95
Let u(h) = h - 24. Let l be u(14). Let c be (l/15)/((14/3)/(-7)). What is the greatest common divisor of c and 37?
1
Let k(n) = n**2 - 81*n - 146. Let x be k(83). Calculate the greatest common factor of x and 500.
20
Let s be 6/33 - (-5824)/154. Let q = -18 - -3. Let w(y) = y**2 + 15*y + 19. Let j be w(q). Calculate the highest common factor of j and s.
19
Let j be ((-12986)/4)/(139/(-556)). What is the highest common divisor of 1208 and j?
302
Suppose -46*t + 32585 = 13*t - 24*t. What is the highest common factor of t and 38?
19
Let y be -1*((-83)/3 - 16/(-24)). Let g be ((-9)/5)/3 + (-2844)/(-15). Suppose -g = 14*b - 15*b. What is the highest common factor of b and y?
27
Let a(j) = j**3 - 34*j**2 + 297*j - 54. Let c be a(15). What is the greatest common factor of c and 558?
18
Let n(c) = 25*c + 6. Let z be n(6). Suppose -18*w + 47 + 889 = 0. What is the greatest common divisor of w and z?
52
Suppose -g - n = -0*g - 365, -4*g + 3*n + 1453 = 0. Suppose -4*f - 2*t = -35 - 69, -2*f + 52 = 5*t. Calculate the highest common factor of f and g.
26
Let c = 92 - 41. Let r be -187*((-371)/(-77) - 260/52). What is the greatest common factor of c and r?
17
Let p(j) = 3*j**2 - 2*j. Let m be p(3). Let c be (-8091)/(-11) - (-138)/(-253). Suppose -19*y + 54*y = c. What is the highest common divisor of m and y?
21
Suppose -726*m + 2268 = -714*m. Let f(n) = -n + 16. Let y = -29 + 18. Let b be f(y). What is the greatest common divisor of b and m?
27
Let y be 36 + 78 + -106 + (-1 - -33). Let v be (-304)/10*1*-5. Calculate the greatest common divisor of v and y.
8
Let c = 17396 - 16971. What is the highest common divisor of c and 493?
17
Let l(a) = 503*a**3 - 4*a**2 + 13*a - 1. Let d be l(2). What is the highest common divisor of d and 545?
109
Let b be 6391/44 - (-156)/(-48). What is the greatest common divisor of b and 923?
71
Let j(q) = 132*q**2 - 924*q - 6402. Let b be j(-7). What is the highest common factor of 847 and b?
121
Let l be (3 + 3/(-3))/(14/(-455)). Let v = l - -72. Suppose 3*y - v*y + 4*k - 8 = 0, -5*k = -2*y - 13. Calculate the greatest common factor of y and 5.
1
Suppose -914 = -2*c + 3*t, -6*c + 3*c + 1392 = -t. Calculate the highest common divisor of 2 and c.
2
Suppose b - 93 + 36 = 0. Suppose -5*v + 4*t + 211 = -b, v - 44 = 4*t. Suppose 8 = -7*p + 3*p, -p - v = -3*c. What is the greatest common factor of c and 12?
6
Let k(d) be the third derivative of d**5/60 - 17*d**4/24 + 17*d**3/6 + 63*d**2. Let q be k(-6). What is the highest common factor of 5 and q?
5
Let b be ((-18)/8)/(93/(-18104)). Let h = -295 + b. What is the highest common factor of h and 13?
13
Let y(d) = -4*d**2 - 14*d - 11 + 5*d + 3*d - 2*d**3. Let u be y(-4). What is the highest common factor of 22 and u?
11
Let w be 0 + 0 + (1 - -4 - -191). Calculate the highest common factor of 112 and w.
28
Suppose 0 = 5*m + 2*n - 17, 3 = -2*m - 5*n - 7. Suppose 5*u = -5*h - 100 + 965, -m*h = -4*u - 847. Calculate the highest common divisor of h and 9.
9
Let p be 5/1 - (18 - (4283 - 6)). Calculate the greatest common divisor of p and 208.
104
Let a be -8 + -3*(-7 - -2) - -6. What is the highest common divisor of a and 1963?
13
Let n = 21 - -69. Let r = n - 0. Suppose 576 = 2*g - r. Calculate the greatest common divisor of g and 37.
37
Suppose -296*z = -2*n - 294*z + 840, 3*z = -4*n + 1631. Suppose 0 = 2*f + 2*f - 28. Calculate the highest common factor of n and f.
7
Let y(g) = g**3 + 13*g**2 - 33*g - 26. Let x be y(-15). Let r = 9 + -9. Let b be (-4)/2*(-19 + r). What is the highest common divisor of b and x?
19
Suppose -10*x - 2645 + 2965 = 0. Let f(o) = -o**3 - 8*o**2 + 14*o + 20. Let t be f(-10). Calculate the highest common divisor of t and x.
16
Let k = 20672 - 18488. Calculate the highest common divisor of k and 637.
91
Suppose 12*n = 9*n + 798. Let y be n/(-4)*(-8)/14. Calculate the greatest common divisor of 19 and y.
19
Suppose 0 = 1009*h - 3874 - 6216. Let s be (-12)/(-1)*(-40)/(-3). What is the highest common divisor of h and s?
10
Let y(h) = -5*h + 128. Let t be y(25). Suppose 2*r = 5*d - 15 - 27, -t*d - 2*r = -38. Suppose l + 2 = 12. Calculate the greatest common factor of d and l.
10
Let l = 300 + -243. Suppose -2*s + s + 9 = 0. What is the highest common divisor of l and s?
3
Let j(d) = d**3 - 9*d**2 + 17*d - 1. Let g be j(3). Let b(u) = 5*u**2 + 32*u + 80. Let y be b(g). Calculate the highest common divisor of 32 and y.
32
Suppose 0 = 24*k - 4*k + 980. Let a = 99 + k. What is the highest common divisor of 70 and a?
10
Let l(w) = 693*w + 4213. Let s be l(-5). What is the greatest common factor of 68 and s?
68
Let p be (-6)/(-5)*(-3641 + -4)/(-9). What is the greatest common factor of 6 and p?
6
Let f be (-6)/(-27) + 590/18. Let x be (1313/39 + -19)/((-3)/((-27)/2)). Calculate the greatest common factor of x and f.
33
Let r(a) = 29*a + 1271. Let u be r(-19). Wha